{"id":6399,"date":"2022-09-10T16:31:11","date_gmt":"2022-09-10T16:31:11","guid":{"rendered":"https:\/\/lacasadelguatin.co\/?page_id=6399"},"modified":"2022-09-10T17:02:17","modified_gmt":"2022-09-10T17:02:17","slug":"todos-los-podcasts","status":"publish","type":"page","link":"https:\/\/lacasadelguatin.co\/index.php\/todos-los-podcasts\/","title":{"rendered":"Todos los podcasts"},"content":{"rendered":"\t\t<div data-elementor-type=\"wp-page\" data-elementor-id=\"6399\" class=\"elementor elementor-6399\" data-elementor-post-type=\"page\">\n\t\t\t\t\t\t<section class=\"elementor-section elementor-top-section elementor-element elementor-element-c782c71 elementor-section-boxed elementor-section-height-default elementor-section-height-default\" data-id=\"c782c71\" data-element_type=\"section\" data-e-type=\"section\">\n\t\t\t\t\t\t<div class=\"elementor-container elementor-column-gap-default\">\n\t\t\t\t\t<div class=\"elementor-column elementor-col-100 elementor-top-column elementor-element elementor-element-79c32d0\" data-id=\"79c32d0\" data-element_type=\"column\" data-e-type=\"column\">\n\t\t\t<div class=\"elementor-widget-wrap elementor-element-populated\">\n\t\t\t\t\t\t<div class=\"elementor-element elementor-element-55967c9 elementor-widget elementor-widget-heading\" data-id=\"55967c9\" data-element_type=\"widget\" data-e-type=\"widget\" data-widget_type=\"heading.default\">\n\t\t\t\t\t<h2 class=\"elementor-heading-title elementor-size-default\">Todos los podcasts<\/h2>\t\t\t\t<\/div>\n\t\t\t\t<div class=\"elementor-element elementor-element-e56f2ef elementor-posts--thumbnail-left elementor-grid-3 elementor-grid-tablet-2 elementor-grid-mobile-1 elementor-widget elementor-widget-posts\" data-id=\"e56f2ef\" data-element_type=\"widget\" data-e-type=\"widget\" data-settings=\"{&quot;classic_row_gap&quot;:{&quot;unit&quot;:&quot;px&quot;,&quot;size&quot;:0,&quot;sizes&quot;:[]},&quot;classic_row_gap_mobile&quot;:{&quot;unit&quot;:&quot;px&quot;,&quot;size&quot;:8,&quot;sizes&quot;:[]},&quot;classic_columns&quot;:&quot;3&quot;,&quot;classic_columns_tablet&quot;:&quot;2&quot;,&quot;classic_columns_mobile&quot;:&quot;1&quot;,&quot;classic_row_gap_tablet&quot;:{&quot;unit&quot;:&quot;px&quot;,&quot;size&quot;:&quot;&quot;,&quot;sizes&quot;:[]}}\" data-widget_type=\"posts.classic\">\n\t\t\t\t<div class=\"elementor-widget-container\">\n\t\t\t\t\t\t\t<div class=\"elementor-posts-container elementor-posts elementor-posts--skin-classic elementor-grid\" role=\"list\">\n\t\t\t\t<article class=\"elementor-post elementor-grid-item post-22510 post type-post status-publish format-standard has-post-thumbnail hentry category-2026clg-04-20al26\" role=\"listitem\">\n\t\t\t\t<a class=\"elementor-post__thumbnail__link\" href=\"https:\/\/lacasadelguatin.co\/index.php\/2026\/04\/23\/proxima-funcion-la-lengua-de-las-mariposas\/\" tabindex=\"-1\" >\n\t\t\t<div class=\"elementor-post__thumbnail\"><img fetchpriority=\"high\" decoding=\"async\" width=\"476\" height=\"575\" src=\"https:\/\/lacasadelguatin.co\/wp-content\/uploads\/2026\/04\/260423-cineclub-la-lengua-de-las-mariposas.jpeg\" class=\"attachment-full size-full wp-image-22511\" alt=\"\" srcset=\"https:\/\/lacasadelguatin.co\/wp-content\/uploads\/2026\/04\/260423-cineclub-la-lengua-de-las-mariposas.jpeg 476w, https:\/\/lacasadelguatin.co\/wp-content\/uploads\/2026\/04\/260423-cineclub-la-lengua-de-las-mariposas-248x300.jpeg 248w\" sizes=\"(max-width: 476px) 100vw, 476px\" \/><\/div>\n\t\t<\/a>\n\t\t\t\t<div class=\"elementor-post__text\">\n\t\t\t\t<h3 class=\"elementor-post__title\">\n\t\t\t<a href=\"https:\/\/lacasadelguatin.co\/index.php\/2026\/04\/23\/proxima-funcion-la-lengua-de-las-mariposas\/\" >\n\t\t\t\tEste viernes 24 de abril 5:00 PM, es \u00a1Viernes de CINE CLUB LA GUATINA!\t\t\t<\/a>\n\t\t<\/h3>\n\t\t\t\t<div class=\"elementor-post__meta-data\">\n\t\t\t\t\t<span class=\"elementor-post-date\">\n\t\t\t23 de abril de 2026\t\t<\/span>\n\t\t\t\t<\/div>\n\t\t\t\t<\/div>\n\t\t\t\t<\/article>\n\t\t\t\t<article class=\"elementor-post elementor-grid-item post-22497 post type-post status-publish format-standard has-post-thumbnail hentry category-2026clg-04-20al26\" role=\"listitem\">\n\t\t\t\t<a class=\"elementor-post__thumbnail__link\" href=\"https:\/\/lacasadelguatin.co\/index.php\/2026\/04\/23\/la-guatina-abre-un-nuevo-taller-de-arteterapia\/\" tabindex=\"-1\" >\n\t\t\t<div class=\"elementor-post__thumbnail\"><img decoding=\"async\" width=\"1080\" height=\"1350\" src=\"https:\/\/lacasadelguatin.co\/wp-content\/uploads\/2026\/04\/260423-taller-arteterapia-2.jpeg\" class=\"attachment-full size-full wp-image-22498\" alt=\"\" srcset=\"https:\/\/lacasadelguatin.co\/wp-content\/uploads\/2026\/04\/260423-taller-arteterapia-2.jpeg 1080w, https:\/\/lacasadelguatin.co\/wp-content\/uploads\/2026\/04\/260423-taller-arteterapia-2-240x300.jpeg 240w, https:\/\/lacasadelguatin.co\/wp-content\/uploads\/2026\/04\/260423-taller-arteterapia-2-819x1024.jpeg 819w, https:\/\/lacasadelguatin.co\/wp-content\/uploads\/2026\/04\/260423-taller-arteterapia-2-768x960.jpeg 768w\" sizes=\"(max-width: 1080px) 100vw, 1080px\" \/><\/div>\n\t\t<\/a>\n\t\t\t\t<div class=\"elementor-post__text\">\n\t\t\t\t<h3 class=\"elementor-post__title\">\n\t\t\t<a href=\"https:\/\/lacasadelguatin.co\/index.php\/2026\/04\/23\/la-guatina-abre-un-nuevo-taller-de-arteterapia\/\" >\n\t\t\t\t\u00a1La Guatina abre un nuevo taller de ArteTerapia!\t\t\t<\/a>\n\t\t<\/h3>\n\t\t\t\t<div class=\"elementor-post__meta-data\">\n\t\t\t\t\t<span class=\"elementor-post-date\">\n\t\t\t23 de abril de 2026\t\t<\/span>\n\t\t\t\t<\/div>\n\t\t\t\t<\/div>\n\t\t\t\t<\/article>\n\t\t\t\t<article class=\"elementor-post elementor-grid-item post-22387 post type-post status-publish format-standard has-post-thumbnail hentry category-2026clg-04-13al19\" role=\"listitem\">\n\t\t\t\t<a class=\"elementor-post__thumbnail__link\" href=\"https:\/\/lacasadelguatin.co\/index.php\/2026\/04\/16\/%f0%9f%8e%ac-invitacion-cineclub-la-guatinaque-secretos-guardamos-en-el-nombre-de-la-maternidad\/\" tabindex=\"-1\" >\n\t\t\t<div class=\"elementor-post__thumbnail\"><img decoding=\"async\" width=\"675\" height=\"1024\" src=\"https:\/\/lacasadelguatin.co\/wp-content\/uploads\/2026\/04\/260416-elena-ferrante.jpeg\" class=\"attachment-full size-full wp-image-22388\" alt=\"\" srcset=\"https:\/\/lacasadelguatin.co\/wp-content\/uploads\/2026\/04\/260416-elena-ferrante.jpeg 675w, https:\/\/lacasadelguatin.co\/wp-content\/uploads\/2026\/04\/260416-elena-ferrante-198x300.jpeg 198w\" sizes=\"(max-width: 675px) 100vw, 675px\" \/><\/div>\n\t\t<\/a>\n\t\t\t\t<div class=\"elementor-post__text\">\n\t\t\t\t<h3 class=\"elementor-post__title\">\n\t\t\t<a href=\"https:\/\/lacasadelguatin.co\/index.php\/2026\/04\/16\/%f0%9f%8e%ac-invitacion-cineclub-la-guatinaque-secretos-guardamos-en-el-nombre-de-la-maternidad\/\" >\n\t\t\t\t\ud83c\udfac Invitaci\u00f3n: Cineclub La Guatina\u00bfQu\u00e9 secretos guardamos en el nombre de la maternidad?\t\t\t<\/a>\n\t\t<\/h3>\n\t\t\t\t<div class=\"elementor-post__meta-data\">\n\t\t\t\t\t<span class=\"elementor-post-date\">\n\t\t\t16 de abril de 2026\t\t<\/span>\n\t\t\t\t<\/div>\n\t\t\t\t<\/div>\n\t\t\t\t<\/article>\n\t\t\t\t<article class=\"elementor-post elementor-grid-item post-22365 post type-post status-publish format-standard has-post-thumbnail hentry category-2026nlb-04 category-sin-categoria\" role=\"listitem\">\n\t\t\t\t<a class=\"elementor-post__thumbnail__link\" href=\"https:\/\/lacasadelguatin.co\/index.php\/2026\/04\/09\/comunicado-de-la-mesa-de-gobernanza-local-mesabuitrera-org\/\" tabindex=\"-1\" >\n\t\t\t<div class=\"elementor-post__thumbnail\"><img loading=\"lazy\" decoding=\"async\" width=\"1224\" height=\"1600\" src=\"https:\/\/lacasadelguatin.co\/wp-content\/uploads\/2026\/04\/260408-paro-nacional.jpeg\" class=\"attachment-full size-full wp-image-22366\" alt=\"\" srcset=\"https:\/\/lacasadelguatin.co\/wp-content\/uploads\/2026\/04\/260408-paro-nacional.jpeg 1224w, https:\/\/lacasadelguatin.co\/wp-content\/uploads\/2026\/04\/260408-paro-nacional-230x300.jpeg 230w, https:\/\/lacasadelguatin.co\/wp-content\/uploads\/2026\/04\/260408-paro-nacional-783x1024.jpeg 783w, https:\/\/lacasadelguatin.co\/wp-content\/uploads\/2026\/04\/260408-paro-nacional-768x1004.jpeg 768w, https:\/\/lacasadelguatin.co\/wp-content\/uploads\/2026\/04\/260408-paro-nacional-1175x1536.jpeg 1175w\" sizes=\"(max-width: 1224px) 100vw, 1224px\" \/><\/div>\n\t\t<\/a>\n\t\t\t\t<div class=\"elementor-post__text\">\n\t\t\t\t<h3 class=\"elementor-post__title\">\n\t\t\t<a href=\"https:\/\/lacasadelguatin.co\/index.php\/2026\/04\/09\/comunicado-de-la-mesa-de-gobernanza-local-mesabuitrera-org\/\" >\n\t\t\t\tCOMUNICADO DE LA MESA DE GOBERNANZA LOCAL (mesabuitrera.org)\t\t\t<\/a>\n\t\t<\/h3>\n\t\t\t\t<div class=\"elementor-post__meta-data\">\n\t\t\t\t\t<span class=\"elementor-post-date\">\n\t\t\t9 de abril de 2026\t\t<\/span>\n\t\t\t\t<\/div>\n\t\t\t\t<\/div>\n\t\t\t\t<\/article>\n\t\t\t\t<article class=\"elementor-post elementor-grid-item post-22354 post type-post status-publish format-standard has-post-thumbnail hentry category-2026clg-03-30al05\" role=\"listitem\">\n\t\t\t\t<a class=\"elementor-post__thumbnail__link\" href=\"https:\/\/lacasadelguatin.co\/index.php\/2026\/04\/02\/hoy-en-el-marco-del-dia-mundial-de-concienciacion-sobre-el-autismo-queremos-enviar-un-mensaje-lleno-de-amor-respeto-y-empatia\/\" tabindex=\"-1\" >\n\t\t\t<div class=\"elementor-post__thumbnail\"><img loading=\"lazy\" decoding=\"async\" width=\"406\" height=\"720\" src=\"https:\/\/lacasadelguatin.co\/wp-content\/uploads\/2026\/04\/260401-autismo.png\" class=\"attachment-full size-full wp-image-22355\" alt=\"\" srcset=\"https:\/\/lacasadelguatin.co\/wp-content\/uploads\/2026\/04\/260401-autismo.png 406w, https:\/\/lacasadelguatin.co\/wp-content\/uploads\/2026\/04\/260401-autismo-169x300.png 169w\" sizes=\"(max-width: 406px) 100vw, 406px\" \/><\/div>\n\t\t<\/a>\n\t\t\t\t<div class=\"elementor-post__text\">\n\t\t\t\t<h3 class=\"elementor-post__title\">\n\t\t\t<a href=\"https:\/\/lacasadelguatin.co\/index.php\/2026\/04\/02\/hoy-en-el-marco-del-dia-mundial-de-concienciacion-sobre-el-autismo-queremos-enviar-un-mensaje-lleno-de-amor-respeto-y-empatia\/\" >\n\t\t\t\tHoy, en el marco del D\u00eda Mundial de Concienciaci\u00f3n sobre el Autismo, queremos enviar un mensaje lleno de amor, respeto y empat\u00eda.\t\t\t<\/a>\n\t\t<\/h3>\n\t\t\t\t<div class=\"elementor-post__meta-data\">\n\t\t\t\t\t<span class=\"elementor-post-date\">\n\t\t\t2 de abril de 2026\t\t<\/span>\n\t\t\t\t<\/div>\n\t\t\t\t<\/div>\n\t\t\t\t<\/article>\n\t\t\t\t<article class=\"elementor-post elementor-grid-item post-22341 post type-post status-publish format-standard has-post-thumbnail hentry category-2026clg-03-30al05\" role=\"listitem\">\n\t\t\t\t<a class=\"elementor-post__thumbnail__link\" href=\"https:\/\/lacasadelguatin.co\/index.php\/2026\/04\/01\/circulo-de-mujeres-soltar-para-volver-a-habitarse-circulo-de-cierre-este-sabado-4-de-abril\/\" tabindex=\"-1\" >\n\t\t\t<div class=\"elementor-post__thumbnail\"><img loading=\"lazy\" decoding=\"async\" width=\"1408\" height=\"768\" src=\"https:\/\/lacasadelguatin.co\/wp-content\/uploads\/2026\/04\/260401-circulo-de-mujeres.jpeg\" class=\"attachment-full size-full wp-image-22342\" alt=\"\" srcset=\"https:\/\/lacasadelguatin.co\/wp-content\/uploads\/2026\/04\/260401-circulo-de-mujeres.jpeg 1408w, https:\/\/lacasadelguatin.co\/wp-content\/uploads\/2026\/04\/260401-circulo-de-mujeres-300x164.jpeg 300w, https:\/\/lacasadelguatin.co\/wp-content\/uploads\/2026\/04\/260401-circulo-de-mujeres-1024x559.jpeg 1024w, https:\/\/lacasadelguatin.co\/wp-content\/uploads\/2026\/04\/260401-circulo-de-mujeres-768x419.jpeg 768w\" sizes=\"(max-width: 1408px) 100vw, 1408px\" \/><\/div>\n\t\t<\/a>\n\t\t\t\t<div class=\"elementor-post__text\">\n\t\t\t\t<h3 class=\"elementor-post__title\">\n\t\t\t<a href=\"https:\/\/lacasadelguatin.co\/index.php\/2026\/04\/01\/circulo-de-mujeres-soltar-para-volver-a-habitarse-circulo-de-cierre-este-sabado-4-de-abril\/\" >\n\t\t\t\tC\u00edrculo de mujeres: Soltar para volver a habitarse. C\u00edrculo de cierre. Este s\u00e1bado 4 de abril.\t\t\t<\/a>\n\t\t<\/h3>\n\t\t\t\t<div class=\"elementor-post__meta-data\">\n\t\t\t\t\t<span class=\"elementor-post-date\">\n\t\t\t1 de abril de 2026\t\t<\/span>\n\t\t\t\t<\/div>\n\t\t\t\t<\/div>\n\t\t\t\t<\/article>\n\t\t\t\t<\/div>\n\t\t\n\t\t\t\t\t\t<\/div>\n\t\t\t\t<\/div>\n\t\t\t\t\t<\/div>\n\t\t<\/div>\n\t\t\t\t\t<\/div>\n\t\t<\/section>\n\t\t\t\t<\/div>\n\t\t","protected":false},"excerpt":{"rendered":"<p>Todos los podcasts<\/p>\n","protected":false},"author":1,"featured_media":0,"parent":0,"menu_order":0,"comment_status":"closed","ping_status":"closed","template":"","meta":{"_monsterinsights_skip_tracking":false,"_monsterinsights_sitenote_active":false,"_monsterinsights_sitenote_note":"","_monsterinsights_sitenote_category":0,"_joinchat":[],"footnotes":""},"class_list":["post-6399","page","type-page","status-publish","hentry"],"aioseo_notices":[],"_links":{"self":[{"href":"https:\/\/lacasadelguatin.co\/index.php\/wp-json\/wp\/v2\/pages\/6399","targetHints":{"allow":["GET"]}}],"collection":[{"href":"https:\/\/lacasadelguatin.co\/index.php\/wp-json\/wp\/v2\/pages"}],"about":[{"href":"https:\/\/lacasadelguatin.co\/index.php\/wp-json\/wp\/v2\/types\/page"}],"author":[{"embeddable":true,"href":"https:\/\/lacasadelguatin.co\/index.php\/wp-json\/wp\/v2\/users\/1"}],"replies":[{"embeddable":true,"href":"https:\/\/lacasadelguatin.co\/index.php\/wp-json\/wp\/v2\/comments?post=6399"}],"version-history":[{"count":28,"href":"https:\/\/lacasadelguatin.co\/index.php\/wp-json\/wp\/v2\/pages\/6399\/revisions"}],"predecessor-version":[{"id":6441,"href":"https:\/\/lacasadelguatin.co\/index.php\/wp-json\/wp\/v2\/pages\/6399\/revisions\/6441"}],"wp:attachment":[{"href":"https:\/\/lacasadelguatin.co\/index.php\/wp-json\/wp\/v2\/media?parent=6399"}],"curies":[{"name":"wp","href":"https:\/\/api.w.org\/{rel}","templated":true}]}}